{"id":17,"date":"2008-05-17T22:58:36","date_gmt":"2008-05-17T20:58:36","guid":{"rendered":"http:\/\/www.dr-ahlborn.de\/wp\/?page_id=17"},"modified":"2025-05-21T18:21:50","modified_gmt":"2025-05-21T16:21:50","slug":"kontakt-impressum","status":"publish","type":"page","link":"http:\/\/www.dr-ahlborn.de\/?page_id=17","title":{"rendered":"Kontakt, Impressum &#038; Datenschutz"},"content":{"rendered":"<p>Dr. med. Bernhard Ahlborn<br \/>\nFacharzt f\u00fcr Allgemeinmedizin<br \/>\nHom\u00f6opathie &#8211; Naturheilverfahren &#8211; Chirotherapie<\/p>\n<p>Prinzregentenstra\u00dfe 54, 1. Stock<br \/>\n80538 M\u00fcnchen<br \/>\nTel.: 089-227344<br \/>\nFax: 089-293144<br \/>\n<a href=\"mailto:info@dr-ahlborn.de\">info@dr-ahlborn.de<\/a><\/p>\n<p><strong>Inhaltlich Verantwortlich nach \u00a7 5 TMG<br \/>\n<\/strong>Dr. med. Bernhard Ahlborn<\/p>\n<p><strong>Berufsordnung<\/strong><br \/>\nBerufsordnung f\u00fcr die \u00c4rzte Bayerns vom 12. Oktober 1997, zuletzt ge\u00e4ndert am 14. Oktober 2002<br \/>\nDie Berufsordnung finden Sie auf der Website der Bayerischen Landes\u00e4rztekammer:<br \/>\n<a href=\"http:\/\/www.blaek.de\/pdf_rechtliches\/haupt\/bo2002.pdf\" target=\"_blank\" rel=\"noopener\">http:\/\/www.blaek.de\/pdf_rechtliches\/haupt\/bo2002.pdf<\/a><\/p>\n<p><strong>Zust\u00e4ndige Kammer:<\/strong><br \/>\nBayerische Landes\u00e4rztekammer<br \/>\nM\u00fchlbaurstra\u00dfe 16<br \/>\n81677 M\u00fcnchen<br \/>\n<a href=\"http:\/\/\" target=\"_blank\" rel=\"noopener\">www.blaek.de<\/a><\/p>\n<p><span style=\"font-weight: bold;\">Haftungsausschluss:<\/span><br \/>\nDie Inhalte dieser Website wurden sorgf\u00e4ltig erarbeitet, wobei Wert darauf gelegt wurde, zutreffende und aktuelle Information zur Verf\u00fcgung zu stellen. Gleichwohl ist es m\u00f6glich, dass Fehler auftreten k\u00f6nnen. Des weiteren weisen wir daraufhin, dass die Informationen von allgemeiner Art sind, die nicht auf etwaige besonderen Bed\u00fcrfnisse im Einzelfalle abgestimmt sind. Es wird keine Gew\u00e4hr weder f\u00fcr Aktualit\u00e4t, Richtigkeit noch Vollst\u00e4ndigkeit der Informationen \u00fcbernommen. Das gleiche gilt auch f\u00fcr Informationen auf verlinkten Websites.<br \/>\nMit Urteil vom 12. Mai 1998 &#8211; 312 O 85\/98 &#8211; hat das Landgericht (LG) Hamburg entschieden, dass der Ersteller eines Links die Inhalte der gelinkten Seite ggf. mit zu verantworten hat. Dies kann &#8211; so das Gericht &#8211; nur dadurch verhindert werden, dass man sich ausdr\u00fccklich von diesen Inhalten distanziert. Daher distanzieren wir uns hiermit vorsorglich von den Inhalten aller gelinkten Seiten auf diesem Server. Diese Erkl\u00e4rung gilt f\u00fcr s\u00e4mtliche Links und Linksammlungen, die zur Zeit bestehen oder in Zukunft bestehen werden.<\/p>\n<p><strong>Datenschutz<\/strong><\/p>\n<p>Die Nutzung unserer Webseite ist in der Regel ohne Angabe personenbezogener Daten m\u00f6glich. Soweit auf unseren Seiten personenbezogene Daten (beispielsweise Name, Anschrift oder eMail-Adressen) erhoben werden, erfolgt dies, soweit m\u00f6glich, stets auf freiwilliger Basis. Diese Daten werden ohne Ihre ausdr\u00fcckliche Zustimmung nicht an Dritte weitergegeben.<\/p>\n<p>Wir weisen darauf hin, dass die Daten\u00fcbertragung im Internet (z.B. bei der Kommunikation per E-Mail) Sicherheitsl\u00fccken aufweisen kann. Ein l\u00fcckenloser Schutz der Daten vor dem Zugriff durch Dritte ist nicht m\u00f6glich.<\/p>\n<p>Der Nutzung von im Rahmen der Impressumspflicht ver\u00f6ffentlichten Kontaktdaten durch Dritte zur \u00dcbersendung von nicht ausdr\u00fccklich angeforderter Werbung und Informationsmaterialien wird hiermit ausdr\u00fccklich widersprochen. Die Betreiber der Seiten behalten sich ausdr\u00fccklich rechtliche Schritte im Falle der unverlangten Zusendung von Werbeinformationen, etwa durch Spam-Mails, vor.<\/p>\n<p><strong>Datenschutzerkl\u00e4rung f\u00fcr die Nutzung von Google Analytics<\/strong><\/p>\n<p>Diese Website benutzt Google Analytics, einen Webanalysedienst der Google Inc. (&#8222;Google&#8220;). Google Analytics verwendet sog. &#8222;Cookies&#8220;, Textdateien, die auf Ihrem Computer gespeichert werden und die eine Analyse der Benutzung der Website durch Sie erm\u00f6glichen. Die durch den Cookie erzeugten Informationen \u00fcber Ihre Benutzung dieser Website werden in der Regel an einen Server von Google in den USA \u00fcbertragen und dort gespeichert. Im Falle der Aktivierung der IP-Anonymisierung auf dieser Webseite wird Ihre IP-Adresse von Google jedoch innerhalb von Mitgliedstaaten der Europ\u00e4ischen Union oder in anderen Vertragsstaaten des Abkommens \u00fcber den Europ\u00e4ischen Wirtschaftsraum zuvor gek\u00fcrzt.<\/p>\n<p>Nur in Ausnahmef\u00e4llen wird die volle IP-Adresse an einen Server von Google in den USA \u00fcbertragen und dort gek\u00fcrzt. Im Auftrag des Betreibers dieser Website wird Google diese Informationen benutzen, um Ihre Nutzung der Website auszuwerten, um Reports \u00fcber die Websiteaktivit\u00e4ten zusammenzustellen und um weitere mit der Websitenutzung und der Internetnutzung verbundene Dienstleistungen gegen\u00fcber dem Websitebetreiber zu erbringen. Die im Rahmen von Google Analytics von Ihrem Browser \u00fcbermittelte IP-Adresse wird nicht mit anderen Daten von Google zusammengef\u00fchrt.<\/p>\n<p>Sie k\u00f6nnen die Speicherung der Cookies durch eine entsprechende Einstellung Ihrer Browser-Software verhindern; wir weisen Sie jedoch darauf hin, dass Sie in diesem Fall gegebenenfalls nicht s\u00e4mtliche Funktionen dieser Website vollumf\u00e4nglich werden nutzen k\u00f6nnen. Sie k\u00f6nnen dar\u00fcber hinaus die Erfassung der durch das Cookie erzeugten und auf Ihre Nutzung der Website bezogenen Daten (inkl. Ihrer IP-Adresse) an Google sowie die Verarbeitung dieser Daten durch Google verhindern, indem sie das unter dem folgenden Link verf\u00fcgbare Browser-Plugin herunterladen und installieren: <a href=\"http:\/\/tools.google.com\/dlpage\/gaoptout?hl=de\">http:\/\/tools.google.com\/dlpage\/gaoptout?hl=de<\/a>.<\/p>\n<p><strong>Datenschutzerkl\u00e4rung f\u00fcr die Nutzung von Google Adsense<\/strong><\/p>\n<p>Diese Website benutzt Google AdSense, einen Dienst zum Einbinden von Werbeanzeigen der Google Inc. (&#8222;Google&#8220;). Google AdSense verwendet sog. &#8222;Cookies&#8220;, Textdateien, die auf Ihrem Computer gespeichert werden und die eine Analyse der Benutzung der Website erm\u00f6glicht. Google AdSense verwendet auch so genannte Web Beacons (unsichtbare Grafiken). Durch diese Web Beacons k\u00f6nnen Informationen wie der Besucherverkehr auf diesen Seiten ausgewertet werden.<\/p>\n<p>Die durch Cookies und Web Beacons erzeugten Informationen \u00fcber die Benutzung dieser Website (einschlie\u00dflich Ihrer IP-Adresse) und Auslieferung von Werbeformaten werden an einen Server von Google in den USA \u00fcbertragen und dort gespeichert. Diese Informationen k\u00f6nnen von Google an Vertragspartner von Google weiter gegeben werden. Google wird Ihre IP-Adresse jedoch nicht mit anderen von Ihnen gespeicherten Daten zusammenf\u00fchren.<\/p>\n<p>Sie k\u00f6nnen die Installation der Cookies durch eine entsprechende Einstellung Ihrer Browser Software verhindern; wir weisen Sie jedoch darauf hin, dass Sie in diesem Fall gegebenenfalls nicht s\u00e4mtliche Funktionen dieser Website voll umf\u00e4nglich nutzen k\u00f6nnen. Durch die Nutzung dieser Website erkl\u00e4ren Sie sich mit der Bearbeitung der \u00fcber Sie erhobenen Daten durch Google in der zuvor beschriebenen Art und Weise und zu dem zuvor benannten Zweck einverstanden.<\/p>\n<p><strong>Datenschutzerkl\u00e4rung f\u00fcr die Nutzung von Google +1<\/strong><\/p>\n<p><i>Erfassung und Weitergabe von Informationen:<\/i><br \/>\nMithilfe der Google +1-Schaltfl\u00e4che k\u00f6nnen Sie Informationen weltweit ver\u00f6ffentlichen. \u00dcber die Google +1-Schaltfl\u00e4che erhalten Sie und andere Nutzer personalisierte Inhalte von Google und unseren Partnern. Google speichert sowohl die Information, dass Sie f\u00fcr einen Inhalt +1 gegeben haben, als auch Informationen \u00fcber die Seite, die Sie beim Klicken auf +1 angesehen haben. Ihre +1 k\u00f6nnen als Hinweise zusammen mit Ihrem Profilnamen und Ihrem Foto in Google-Diensten, wie etwa in Suchergebnissen oder in Ihrem Google-Profil, oder an anderen Stellen auf Websites und Anzeigen im Internet eingeblendet werden.<br \/>\nGoogle zeichnet Informationen \u00fcber Ihre +1-Aktivit\u00e4ten auf, um die Google-Dienste f\u00fcr Sie und andere zu verbessern. Um die Google +1-Schaltfl\u00e4che verwenden zu k\u00f6nnen, ben\u00f6tigen Sie ein weltweit sichtbares, \u00f6ffentliches Google-Profil, das zumindest den f\u00fcr das Profil gew\u00e4hlten Namen enthalten muss. Dieser Name wird in allen Google-Diensten verwendet. In manchen F\u00e4llen kann dieser Name auch einen anderen Namen ersetzen, den Sie beim Teilen von Inhalten \u00fcber Ihr Google-Konto verwendet haben. Die Identit\u00e4t Ihres Google-Profils kann Nutzern angezeigt werden, die Ihre E-Mail-Adresse kennen oder \u00fcber andere identifizierende Informationen von Ihnen verf\u00fcgen.<\/p>\n<p><i>Verwendung der erfassten Informationen:<\/i><br \/>\nNeben den oben erl\u00e4uterten Verwendungszwecken werden die von Ihnen bereitgestellten Informationen gem\u00e4\u00df den geltenden Google-Datenschutzbestimmungen genutzt. Google ver\u00f6ffentlicht m\u00f6glicherweise zusammengefasste Behandlungsergenisse \u00fcber die +1-Aktivit\u00e4ten der Nutzer bzw. gibt diese an Nutzer und Partner weiter, wie etwa Publisher, Inserenten oder verbundene Websites.<\/p>\n<div class=\"clear\"><\/div>\n<h5>Content Management System: <a href=\"http:\/\/wordpress-deutschland.org\/\" target=\"_blank\" rel=\"noopener\">WordPress<\/a> Theme based on <a href=\"http:\/\/1-2-3-4.info\/\" target=\"_blank\" rel=\"noopener\">Multiflex-3<\/a>, DE: <a href=\"http:\/\/www.zyblog.de\/wordpress-themes\/\">Tim Zylinski<\/a><\/h5>\n<h5>Erstellt durch <a href=\"http:\/\/www.web.stern-management.de\" target=\"_blank\" rel=\"noopener\">Nicole Stern Webdesign<\/a>, Starnberg<\/h5>\n<p><a title=\"Nicole Stern webdesign\" href=\"http:\/\/www.web.stern-management.de\" target=\"_blank\" rel=\"noopener\"><img loading=\"lazy\" decoding=\"async\" class=\"alignnone size-full wp-image-49\" style=\"vertical-align: bottom;\" title=\"Nicole Stern webdesign in Starnberg\" src=\"http:\/\/www.dr-ahlborn.de\/wp-content\/uploads\/2008\/05\/webdesign.png\" alt=\"\" width=\"80\" height=\"15\" \/><\/a><\/p>\n","protected":false},"excerpt":{"rendered":"<p>Dr. med. Bernhard Ahlborn Facharzt f\u00fcr Allgemeinmedizin Hom\u00f6opathie &#8211; Naturheilverfahren &#8211; Chirotherapie Prinzregentenstra\u00dfe 54, 1. Stock 80538 M\u00fcnchen Tel.: 089-227344 Fax: 089-293144 info@dr-ahlborn.de Inhaltlich Verantwortlich nach \u00a7 5 TMG Dr. med. Bernhard Ahlborn Berufsordnung Berufsordnung f\u00fcr die \u00c4rzte Bayerns vom 12. Oktober 1997, zuletzt ge\u00e4ndert am 14. Oktober 2002 Die Berufsordnung finden Sie auf der [&hellip;]<\/p>\n","protected":false},"author":1,"featured_media":0,"parent":0,"menu_order":11,"comment_status":"closed","ping_status":"closed","template":"","meta":{"footnotes":""},"class_list":["post-17","page","type-page","status-publish","hentry"],"aioseo_notices":[],"_links":{"self":[{"href":"http:\/\/www.dr-ahlborn.de\/index.php?rest_route=\/wp\/v2\/pages\/17","targetHints":{"allow":["GET"]}}],"collection":[{"href":"http:\/\/www.dr-ahlborn.de\/index.php?rest_route=\/wp\/v2\/pages"}],"about":[{"href":"http:\/\/www.dr-ahlborn.de\/index.php?rest_route=\/wp\/v2\/types\/page"}],"author":[{"embeddable":true,"href":"http:\/\/www.dr-ahlborn.de\/index.php?rest_route=\/wp\/v2\/users\/1"}],"replies":[{"embeddable":true,"href":"http:\/\/www.dr-ahlborn.de\/index.php?rest_route=%2Fwp%2Fv2%2Fcomments&post=17"}],"version-history":[{"count":3,"href":"http:\/\/www.dr-ahlborn.de\/index.php?rest_route=\/wp\/v2\/pages\/17\/revisions"}],"predecessor-version":[{"id":88,"href":"http:\/\/www.dr-ahlborn.de\/index.php?rest_route=\/wp\/v2\/pages\/17\/revisions\/88"}],"wp:attachment":[{"href":"http:\/\/www.dr-ahlborn.de\/index.php?rest_route=%2Fwp%2Fv2%2Fmedia&parent=17"}],"curies":[{"name":"wp","href":"https:\/\/api.w.org\/{rel}","templated":true}]}}